{"id":813,"date":"2008-08-22T13:09:10","date_gmt":"2008-08-22T19:09:10","guid":{"rendered":"http:\/\/www.seocharlie.com\/blog\/?page_id=813"},"modified":"2018-07-03T14:45:08","modified_gmt":"2018-07-03T14:45:08","slug":"suscripcion-rss","status":"publish","type":"page","link":"https:\/\/seocharlie.com\/blog\/suscripcion-rss\/","title":{"rendered":"Suscripci\u00f3n RSS"},"content":{"rendered":"<p style=\"text-align: center;\"><img loading=\"lazy\" decoding=\"async\" class=\"size-full wp-image-814\" title=\"rss\" src=\"https:\/\/i0.wp.com\/www.seocharlie.com\/blog\/wp-content\/uploads\/2008\/07\/rss.png?resize=300%2C360\" alt=\"RSS\" width=\"300\" height=\"360\" srcset=\"https:\/\/i0.wp.com\/seocharlie.com\/blog\/wp-content\/uploads\/2008\/07\/rss.png?w=300&amp;ssl=1 300w, https:\/\/i0.wp.com\/seocharlie.com\/blog\/wp-content\/uploads\/2008\/07\/rss.png?resize=250%2C300&amp;ssl=1 250w\" sizes=\"auto, (max-width: 300px) 100vw, 300px\" data-recalc-dims=\"1\" \/><\/p>\n<p style=\"text-align: left;\"><strong>\u00bfPor qu\u00e9 usar RSS?<\/strong><\/p>\n<blockquote style=\"text-align: center;\">\n<p style=\"text-align: left;\">La raz\u00f3n m\u00e1s simple para usar RSS es que te <strong>ahorrar\u00e1 tiempo<\/strong>.<\/p>\n<\/blockquote>\n<p style=\"text-align: left;\"><strong>\u00bfC\u00f3mo suscribirme?<\/strong><\/p>\n<blockquote style=\"text-align: left;\"><p>Suscribirte a los contenidos de este blog es tan simple como apretar un bot\u00f3n, e incluso es posible filtrar los \u00abfeeds\u00bb seg\u00fan palabras clave para reducir el n\u00famero de resultados.<\/p>\n<p style=\"text-align: left;\">Puedes hacerlo mediante dos maneras:<\/p>\n<\/blockquote>\n<ol style=\"text-align: left;\">\n<li style=\"text-align: left;\"><a href=\"http:\/\/www.feedburner.com\/fb\/a\/emailverifySubmit?feedId=617898&amp;loc=en_US\"><strong>Email<\/strong><\/a>: Cada vez que se actualicen los contenidos de este blog, recibir\u00e1s los contenidos directamente a tu bandeja de entrada. Solo recuerda validar tu cuenta de correo \ud83d\ude42<br \/>\n<form style=\"border: 1px solid #ccc; padding: 3px; text-align: center;\" action=\"http:\/\/www.feedburner.com\/fb\/a\/emailverify\" method=\"post\">Suscr\u00edbete a mi blog y recibe las notas por e-mail:<input style=\"width: 80px;\" name=\"email\" type=\"text\" \/> <input name=\"url\" type=\"hidden\" value=\"http:\/\/feeds.feedburner.com\/~e?ffid=617898\" \/> <input name=\"title\" type=\"hidden\" value=\"SeoCharlie\" \/> <input name=\"loc\" type=\"hidden\" value=\"es_ES\" \/> <input type=\"submit\" value=\"Enviar\" \/> Desarrollado por <a href=\"http:\/\/www.feedburner.com\" target=\"_blank\">FeedBurner<\/a><\/form>\n<\/li>\n<li style=\"text-align: left;\"><a href=\"http:\/\/feeds.feedburner.com\/seocharlie\"><strong>RSS<\/strong><\/a>: Solo necesitas seleccionar el lector de \u201cfeeds\u201d que utilizas, siendo algunos de los m\u00e1s populares: <a href=\"http:\/\/www.bloglines.com\/\" target=\"_blank\">Bloglines<\/a>, <a href=\"http:\/\/www.google.es\/reader\/\" target=\"_blank\">Google Reader<\/a>, <a href=\"http:\/\/www.netvibes.com\/\" target=\"_blank\">Netvibes<\/a>, entre otros.<\/li>\n<\/ol>\n<ul>\n<li style=\"text-align: left;\"><a href=\"http:\/\/feeds.feedburner.com\/seocharlie\" rel=\"alternate\" type=\"application\/rss+xml\"><img decoding=\"async\" style=\"vertical-align: middle; border: 0;\" src=\"https:\/\/i0.wp.com\/www.feedburner.com\/fb\/images\/pub\/feed-icon16x16.png?w=800\" alt=\"\" data-recalc-dims=\"1\" \/><\/a><a href=\"http:\/\/feeds.feedburner.com\/seocharlie\" rel=\"alternate\" type=\"application\/rss+xml\">Escoge tu lector de Feeds<\/a><a title=\"SeoCharlie\" href=\"http:\/\/add.my.yahoo.com\/rss?url=http:\/\/feeds.feedburner.com\/seocharlie\"><img decoding=\"async\" style=\"border: 0;\" src=\"https:\/\/i0.wp.com\/us.i1.yimg.com\/us.yimg.com\/i\/us\/my\/addtomyyahoo4.gif?w=800\" alt=\"\" data-recalc-dims=\"1\" \/><\/a>\n<p><a href=\"http:\/\/fusion.google.com\/add?feedurl=http:\/\/feeds.feedburner.com\/seocharlie\"><img loading=\"lazy\" decoding=\"async\" style=\"border: 0;\" src=\"https:\/\/i0.wp.com\/buttons.googlesyndication.com\/fusion\/add.gif?resize=104%2C17\" alt=\"Add to Google Reader or Homepage\" width=\"104\" height=\"17\" data-recalc-dims=\"1\" \/><\/a><\/p>\n<p><a href=\"http:\/\/www.netvibes.com\/subscribe.php?url=http:\/\/feeds.feedburner.com\/seocharlie\"><img loading=\"lazy\" decoding=\"async\" style=\"border: 0;\" src=\"https:\/\/i0.wp.com\/www.netvibes.com\/img\/add2netvibes.gif?resize=91%2C17\" alt=\"Add to netvibes\" width=\"91\" height=\"17\" data-recalc-dims=\"1\" \/><\/a><\/p>\n<p>&nbsp;<\/li>\n<\/ul>\n<p style=\"text-align: left;\"><strong>\u00bfCu\u00e1les son los beneficios de la suscripci\u00f3n?<\/strong><\/p>\n<blockquote style=\"text-align: center;\">\n<p style=\"text-align: left;\"><a href=\"http:\/\/es.wikipedia.org\/wiki\/RSS\" target=\"_blank\">RSS<\/a> son las iniciales de <em>Really Simple Syndication<\/em> lo que en espa\u00f1ol podr\u00eda traducirse como \u201cSindicaci\u00f3n Realmente Simple\u201d.<\/p>\n<p style=\"text-align: left;\">B\u00e1sicamente es una forma poderosa pero simple de recolectar contenido de toda la Red, facilit\u00e1ndote el seguimiento de las \u00faltimas actualizaciones de tus sitios Web favoritos sin tener que visitarlos individualmente.<\/p>\n<p style=\"text-align: left;\">RSS ha crecido hasta convertirse en la forma est\u00e1ndar de sindicaci\u00f3n y entrega de contenido Web, y ahora tienes la opci\u00f3n de suscribirte a un \u201cfeed RSS\u201d en casi cualquier blog, y en muchos sitios Web, aplicaciones para compartir fotos, sistemas de publicaci\u00f3n de videos y mucho m\u00e1s.<\/p>\n<\/blockquote>\n<p style=\"text-align: left;\"><strong>\u00bfD\u00f3nde obtengo m\u00e1s informaci\u00f3n sobre el RSS?<\/strong><\/p>\n<ul style=\"text-align: left;\">\n<li><a href=\"http:\/\/www.masternewmedia.org\/es\/2008\/01\/18\/que_es_rss_una_guia.htm\" target=\"_blank\">Master New Media<\/a><\/li>\n<li><a href=\"http:\/\/www.microsiervos.com\/archivo\/internet\/que-es-rss-y-xml-rdf-atom.html\" target=\"_blank\">Microsiervos<\/a><\/li>\n<li><a href=\"http:\/\/es.wikipedia.org\/wiki\/RSS\" target=\"_blank\">Wikipedia<\/a><\/li>\n<li><a href=\"http:\/\/www.maestrosdelweb.com\/editorial\/sindicacion\/\" target=\"_blank\">Maestros del Web<\/a><\/li>\n<li><a href=\"http:\/\/www.ulove-tech.com\/unos-cuantos-tips-y-curiosidades-sobre-el-rss-feed\/\" target=\"_blank\">Ulove-Tech<\/a><\/li>\n<\/ul>\n<p style=\"text-align: left;\"><strong>\u00bfQu\u00e9 es SEO Charlie?<\/strong><\/p>\n<blockquote style=\"text-align: left;\"><p>SEO Charlie es un sitio Web convertido en blog que pretende educar e informar sobre todo lo que tenga que ver con el posicionamiento en buscadores o SEO.<\/p>\n<p>Mediante comentarios diversos, el autor pretende compartir cualquier cosa que encuentre interesante por la Red relacionada con el Search Engine Optimization (SEO): noticias, t\u00e9cnicas, experiencias, etc.<\/p>\n<p>Tambi\u00e9n puedes dejar tus propios comentarios u opiniones sobre el tema en particular.<\/p><\/blockquote>\n<p style=\"text-align: left;\"><strong>\u00bfQui\u00e9n es SEO Charlie?<\/strong><\/p>\n<blockquote style=\"text-align: left;\"><p>Puedes leer un poco sobre \u00e9l <a href=\"http:\/\/www.seocharlie.com\/blog\/about\">aqu\u00ed<\/a>.<\/p><\/blockquote>\n","protected":false},"excerpt":{"rendered":"<p>\u00bfPor qu\u00e9 usar RSS? La raz\u00f3n m\u00e1s simple para usar RSS es que te ahorrar\u00e1 tiempo. \u00bfC\u00f3mo suscribirme? Suscribirte a los contenidos de este blog es tan simple como apretar un bot\u00f3n, e incluso es posible filtrar los \u00abfeeds\u00bb seg\u00fan palabras clave para reducir el n\u00famero de resultados. Puedes hacerlo mediante dos maneras: Email: Cada [&hellip;]<\/p>\n","protected":false},"author":1,"featured_media":0,"parent":0,"menu_order":0,"comment_status":"closed","ping_status":"open","template":"","meta":{"spay_email":"","footnotes":""},"class_list":["post-813","page","type-page","status-publish","hentry"],"jetpack_sharing_enabled":true,"jetpack_shortlink":"https:\/\/wp.me\/PgmtK-d7","jetpack-related-posts":[{"id":3990,"url":"https:\/\/seocharlie.com\/blog\/charlie-seo-home\/","url_meta":{"origin":813,"position":0},"title":"Charlie Seo Home","date":"23 marzo, 2022","format":false,"excerpt":"En pocas palabras: No soy ni gur\u00fa, ni un \u00abexperto\u00bb en SEO. Soy un tipo normal, pero apasionado por el \u00abMundillo\u00bb de los buscadores electr\u00f3nicos. Agradezco que pases por ac\u00e1 a saludar.En muchas palabrasMi nombre es Carlos Chac\u00f3n (conocido tambi\u00e9n como SEOCharlie). Nac\u00ed en San Jos\u00e9 de Costa Rica all\u00e1\u2026","rel":"","context":"Entrada similar","img":{"alt_text":"","src":"","width":0,"height":0},"classes":[]}],"_links":{"self":[{"href":"https:\/\/seocharlie.com\/blog\/wp-json\/wp\/v2\/pages\/813","targetHints":{"allow":["GET"]}}],"collection":[{"href":"https:\/\/seocharlie.com\/blog\/wp-json\/wp\/v2\/pages"}],"about":[{"href":"https:\/\/seocharlie.com\/blog\/wp-json\/wp\/v2\/types\/page"}],"author":[{"embeddable":true,"href":"https:\/\/seocharlie.com\/blog\/wp-json\/wp\/v2\/users\/1"}],"replies":[{"embeddable":true,"href":"https:\/\/seocharlie.com\/blog\/wp-json\/wp\/v2\/comments?post=813"}],"version-history":[{"count":15,"href":"https:\/\/seocharlie.com\/blog\/wp-json\/wp\/v2\/pages\/813\/revisions"}],"predecessor-version":[{"id":3969,"href":"https:\/\/seocharlie.com\/blog\/wp-json\/wp\/v2\/pages\/813\/revisions\/3969"}],"wp:attachment":[{"href":"https:\/\/seocharlie.com\/blog\/wp-json\/wp\/v2\/media?parent=813"}],"curies":[{"name":"wp","href":"https:\/\/api.w.org\/{rel}","templated":true}]}}